170. Let s be a(0). Suppose 17 = -169*i + s*i. Calculate the remainder when 126 is divided by i.
7
Let o(x) = -4*x**2 + 49*x - 43. What is the remainder when 155 is divided by o(11)?
11
Let d(a) = 42*a - 4215. What is the remainder when d(108) is divided by 91?
48
Suppose 38 = 10*c + 8. Suppose -216 = -2*o + a, -2*a = 4*o - c*o - 108. What is the remainder when o is divided by 11?
9
Suppose 6*h - 2*h = 48. Let z(b) = b**2 - 8*b - 1. Let p be z(6). Let r(v) = 11*v + 249. Calculate the remainder when r(p) is divided by h.
10
Suppose 34 = -y + 3*y. Calculate the remainder when 1375/((-187)/(-17)) - -10 is divided by y.
16
What is the remainder when 60 is divided by 318/(-4)*(1 - 4 - (-63)/27)?
7
Suppose -31*y - 37*y + 26*y = -21546. Calculate the remainder when y is divided by 181.
151
Suppose -3132 = -83*t - 16*t + 12*t. Let m(x) = -755*x - 1. What is the remainder when m(-1) is divided by t?
34
Suppose 33 = -4*y + 7*y. Let c be (1 - -1)*1 + (-2563)/y. Calculate the remainder when (0 - (-12)/(-7))/(66/c) is divided by 4.
2
Let a(j) = j**3 + 20*j**2 + 34*j + 22. Let t be a(-18). Suppose -3*s = -2*r + 40, -t = r - 6*r - 3*s. What is the remainder when 14 is divided by r?
0
Let k(q) = -q**3 + 5*q**2 + 17*q - 19. Let o be k(7). Suppose -16*x + 29 = 2*t - 13*x, 5*t - o*x - 101 = 0. Calculate the remainder when 31 is divided by t.
12
Let d(r) = -r**3 + 8*r**2 + 9*r + 10. Let g be d(9). What is the remainder when 62 - (-9)/(11 + -2) is divided by (-3)/(-2) - (-95)/g?
8
Suppose 4*v - 403 = 5*q, 39 + 67 = v - 3*q. Suppose 0 = -3*k + 168 - 114. Let x = v - k. What is the remainder when x is divided by 16?
15
Let f(y) = 11*y**2 - y + 36. Calculate the remainder when f(7) is divided by 15.
13
Suppose -7*d = 4*d - 792. Calculate the remainder when 248 is divided by d.
32
Suppose 19*v - 278 - 2667 = 0. What is the remainder when v is divided by (-5)/(25/(-80)) + -3*1?
12
Suppose -75*t - 728 = -89*t. What is the remainder when 1870 is divided by t?
50
Let z = -13 - -9. Let k(d) be the third derivative of d**6/120 + d**5/15 - d**4/12 + d**3/3 - d**2 + 229. What is the remainder when 47 is divided by k(z)?
7
Let y(r) = -r**3 - 15*r**2 - 35*r - 54. What is the remainder when 163 is divided by y(-13)?
37
Suppose 4*o + 100 = 5*f, f - o - 21 = -0*f. Let h(p) = -2*p**2 + 74*p - 241. What is the remainder when h(32) is divided by f?
15
Suppose -9*n - 2*n = -1639. Let p = n + -38. Suppose 4*d - 114 = -2*d. What is the remainder when p is divided by d?
16
Let z(k) = -k**3 + 13*k**2 + 11*k - 23. Let d be z(12). Suppose 533 + d = 3*i. Calculate the remainder when i is divided by 38.
34
Let d(f) = 14*f**2 - 2*f + 1. Let w = -1078 - -1140. What is the remainder when w is divided by d(1)?
10
Let n(y) = 99*y + 3293. What is the remainder when 16749 is divided by n(-32)?
124
Calculate the remainder when 1/(-3) - -4*(-3642)/(-72) is divided by 70.
62
Let b(l) = l**3 - 35*l**2 - 39*l + 113. Let i be b(36). Suppose 17 + i = 2*q. Calculate the remainder when 31 is divided by q.
9
Let o = 35004 - 34848. Suppose 0*v = -2*v + 80. Calculate the remainder when o is divided by v.
36
Let a = 699 - 252. Calculate the remainder when a is divided by 45/(-39) - 14/(-91) - -91.
87
Let c(q) = -3*q**2 + 4*q + 22. Let f be c(13). Let i = 774 + f. Calculate the remainder when i is divided by 57.
56
Let q = -336 - -330. Calculate the remainder when 16 is divided by q/18*3*-1.
0
Suppose y - 2*n = 2*n, -3*n + 11 = 2*y. Let a(w) = w**3 - 4*w**2 - 3*w + 12. Let d be a(y). Let u = 4 - d. Calculate the remainder when 4 is divided by u.
0
Suppose 0 = 3*o - c - 53, o + 8*c - 40 = 11. Calculate the remainder when o is divided by 16.
3
Suppose 4399 = -11*c + 64*c. What is the remainder when 306 is divided by c?
57
Let a be 0 - (-3 + -5*6). Suppose a - 309 = -3*x. Let t = -1227 + 1259. Calculate the remainder when x is divided by t.
28
Let m be ((-1578)/(-72)*2)/((-1)/(-6)). Let j = m + -144. Calculate the remainder when j is divided by 41.
37
Suppose -5*h - 21 = -t + 12, 3*h = 3*t - 39. What is the remainder when (-3)/((-279)/(-153) - 2/1) is divided by t?
1
Let w be 2 + (-11)/((-22)/200). Suppose -354 - w = -4*v. Let f = -106 + v. What is the remainder when 31 is divided by f?
7
Suppose 15*c = -9*c + 10820 + 11668. Calculate the remainder when c is divided by 67.
66
Let h be (13 + -12)/(4/112). What is the remainder when h/42 - (-3 + (-176)/6) is divided by 21?
12
Let k be (112/(-140))/(2/(-20)). Suppose 4*u = -k*u + 312. What is the remainder when 153 is divided by u?
23
Suppose -4*i - 40 = -4*j, -2*i - 5 - 5 = 0. Suppose j*d - 20 = -0*d, 0 = 2*t + d - 10. Calculate the remainder when (-938)/(-10) - (-5)/75*t is divided by 19.
18
Let q(r) = -663*r + 4847. Calculate the remainder when q(7) is divided by 119.
87
What is the remainder when -1 - (-469 - (-28)/2) is divided by 19?
17
Suppose -3*j - 55 + 220 = 0. What is the remainder when 43 is divided by 4/(-22) + (0 - (-1055)/j)?
5
Suppose 165*z = 15517 + 4778. What is the remainder when z is divided by 36?
15
Let q be (-5)/15 - (-5)/(-3). Let v(s) = s**3 - 10*s**2 - 9*s - 25. Let r be v(11). Calculate the remainder when 24 is divided by (-18)/r + q - -3.
3
Suppose 0 = -48*i - 613 + 1333. Suppose -2*p + 400 = -14. Calculate the remainder when p is divided by i.
12
Let l(j) = -209*j + 2587. Calculate the remainder when l(8) is divided by 111.
27
Let a(n) = n**3 + 9*n**2 + 5*n - 1. Suppose 402*w = 401*w - 56. Calculate the remainder when ((-24)/w*7)/(6/224) is divided by a(-8).
20
Let l(z) = -36*z**3 + 26*z**2 + 24*z - 1. What is the remainder when 334 is divided by l(-1)?
1
Suppose -4*g + 3*v = -9, 3*g + 15 = -2*v - 3*v. Suppose -180 = -9*h - g*h. Calculate the remainder when 578 is divided by h.
18
Suppose 27 = 2*r - 75. Suppose -5*m = -3*x + 2*x - 126, -3*m + 98 = 5*x. What is the remainder when r is divided by m?
25
Let k(z) = -3*z + 3. Let p be k(2). Let i = 10 + p. What is the remainder when 9/((-369)/(-902)) + -13 is divided by i?
2
Suppose 0 = 21*d - 16*d + 45. What is the remainder when 246 is divided by 2/(-7) + ((-2984)/(-56) - d)?
60
Let q = -46 + 59. Let r(n) = n**2 - 12*n - 8. Let i be r(q). Suppose -i*o + 0*s + s + 31 = 0, -5*s + 20 = 0. Calculate the remainder when 20 is divided by o.
6
Let h(t) = 6*t**2 + 56*t - 226. Calculate the remainder when h(4) is divided by 52.
42
Suppose -j - 4*c - 10 = 0, -5*c = -j + 3 + 5. Let o(u) = -u**2 + 35*u - 12. Let n be o(35). What is the remainder when 96 is divided by 21*(1 + j + (-20)/n)?
12
Let f = -34261 - -34292. Let l(u) = 30*u**2 + 2*u - 2. Suppose -4 - 4 = -4*o. What is the remainder when l(o) is divided by f?
29
Let k(j) = -j + 34. Let u be 20/4 + ((-30)/(-5))/2. What is the remainder when 152 is divided by k(u)?
22
Suppose -13*m - 7*m + 4*m = -2976. What is the remainder when m is divided by 63?
60
Let k be 5*-1*(-24)/30. Let h(o) = -o**3 + 6*o**2 + o. What is the remainder when 66 is divided by h(k)?
30
Let x be (7/(-7))/(2/10) + 0. Let f(k) = k**2 - 3*k - 15. What is the remainder when 64 is divided by f(x)?
14
Let p be ((-1)/(-1))/(18/1116). What is the remainder when 10 is divided by p/10 - (-6)/(-30)?
4
Let s = -4110 - -4588. Calculate the remainder when s is divided by 74.
34
Suppose 0 = -w - 0*w + h - 19, 5*w - 2*h = -86. Let j = w - -28. What is the remainder when 226 is divided by j?
10
Let k(h) = -22*h**2 - 147*h - 76. Calculate the remainder when k(-5) is divided by (-28)/(-6)*(-1 - -4).
11
Let l(u) = u**2 + 36*u + 411. What is the remainder when l(-16) is divided by 5?
1
Let d(h) = 4*h - 50. Let v = -120 - -138. Calculate the remainder when 105 is divided by d(v).
17
Suppose -35 = -s - 4*u, 0 = -5*s + 9*s - u - 191. What is the remainder when 221 is divided by s?
33
What is the remainder when (932/1398)/((-2)/(-3849) - (2 - 2)) is divided by 426?
5
Let x = 18284 + -18258. What is the remainder when 779 is divided by x?
25
Let c be 1/5 + ((-126)/18)/((-5)/57). Suppose 2*d - 18 = -2*i, 4*d = i + 18 + 3. What is the remainder when 39/26*c/d is divided by 11?
9
Let b(z) be the second derivative of -z**3/6 + 7*z**2/2 - 61*z. Calculate the remainder when b(-8) is divided by 8.
7
Let h(w) = w**3 - 46*w**2 + 9*w - 93. What is the remainder when 690 is divided by h(46)?
48
Let w = -158 - -1